{"id":968,"date":"2022-12-12T10:05:46","date_gmt":"2022-12-12T09:05:46","guid":{"rendered":"http:\/\/carolinesion.fr\/?page_id=968"},"modified":"2024-09-23T10:24:29","modified_gmt":"2024-09-23T08:24:29","slug":"biographie","status":"publish","type":"page","link":"https:\/\/carolinesion.fr\/index.php\/biographie\/","title":{"rendered":"Biographie"},"content":{"rendered":"\t\t<div data-elementor-type=\"wp-page\" data-elementor-id=\"968\" class=\"elementor elementor-968\">\n\t\t\t\t\t\t<section class=\"elementor-section elementor-top-section elementor-element elementor-element-2ece5a4 elementor-section-boxed elementor-section-height-default elementor-section-height-default wpr-particle-no wpr-jarallax-no wpr-parallax-no wpr-sticky-section-no wpr-equal-height-no\" data-id=\"2ece5a4\" data-element_type=\"section\">\n\t\t\t\t\t\t<div class=\"elementor-container elementor-column-gap-default\">\n\t\t\t\t\t<div class=\"elementor-column elementor-col-100 elementor-top-column elementor-element elementor-element-26c8d01\" data-id=\"26c8d01\" data-element_type=\"column\">\n\t\t\t<div class=\"elementor-widget-wrap elementor-element-populated\">\n\t\t\t\t\t\t<div class=\"elementor-element elementor-element-e13fcef elementor-widget elementor-widget-heading\" data-id=\"e13fcef\" data-element_type=\"widget\" data-widget_type=\"heading.default\">\n\t\t\t\t<div class=\"elementor-widget-container\">\n\t\t\t<style>\/*! elementor - v3.20.0 - 10-04-2024 *\/\n.elementor-heading-title{padding:0;margin:0;line-height:1}.elementor-widget-heading .elementor-heading-title[class*=elementor-size-]>a{color:inherit;font-size:inherit;line-height:inherit}.elementor-widget-heading .elementor-heading-title.elementor-size-small{font-size:15px}.elementor-widget-heading .elementor-heading-title.elementor-size-medium{font-size:19px}.elementor-widget-heading .elementor-heading-title.elementor-size-large{font-size:29px}.elementor-widget-heading .elementor-heading-title.elementor-size-xl{font-size:39px}.elementor-widget-heading .elementor-heading-title.elementor-size-xxl{font-size:59px}<\/style><h1 class=\"elementor-heading-title elementor-size-default\">Mon Histoire<\/h1>\t\t<\/div>\n\t\t\t\t<\/div>\n\t\t\t\t\t<\/div>\n\t\t<\/div>\n\t\t\t\t\t<\/div>\n\t\t<\/section>\n\t\t\t\t<section class=\"elementor-section elementor-top-section elementor-element elementor-element-cced16c elementor-section-boxed elementor-section-height-default elementor-section-height-default wpr-particle-no wpr-jarallax-no wpr-parallax-no wpr-sticky-section-no wpr-equal-height-no\" data-id=\"cced16c\" data-element_type=\"section\">\n\t\t\t\t\t\t<div class=\"elementor-container elementor-column-gap-default\">\n\t\t\t\t\t<div class=\"elementor-column elementor-col-100 elementor-top-column elementor-element elementor-element-960e97a\" data-id=\"960e97a\" data-element_type=\"column\">\n\t\t\t<div class=\"elementor-widget-wrap elementor-element-populated\">\n\t\t\t\t\t\t<div class=\"elementor-element elementor-element-82b012e elementor-widget elementor-widget-text-editor\" data-id=\"82b012e\" data-element_type=\"widget\" data-widget_type=\"text-editor.default\">\n\t\t\t\t<div class=\"elementor-widget-container\">\n\t\t\t<style>\/*! elementor - v3.20.0 - 10-04-2024 *\/\n.elementor-widget-text-editor.elementor-drop-cap-view-stacked .elementor-drop-cap{background-color:#69727d;color:#fff}.elementor-widget-text-editor.elementor-drop-cap-view-framed .elementor-drop-cap{color:#69727d;border:3px solid;background-color:transparent}.elementor-widget-text-editor:not(.elementor-drop-cap-view-default) .elementor-drop-cap{margin-top:8px}.elementor-widget-text-editor:not(.elementor-drop-cap-view-default) .elementor-drop-cap-letter{width:1em;height:1em}.elementor-widget-text-editor .elementor-drop-cap{float:left;text-align:center;line-height:1;font-size:50px}.elementor-widget-text-editor .elementor-drop-cap-letter{display:inline-block}<\/style>\t\t\t\t<p>A 46 ans, j&rsquo;ai exp\u00e9riment\u00e9 longtemps le brouillard, avant de vivre la r\u00e9silience et trouver le sens de ma Vie! Apr\u00e8s de nombreuses ann\u00e9es bien remplies de d\u00e9fis, il m&rsquo;a fallu aller au plus profond de moi pour gu\u00e9rir ces blessures, mettre de la conscience et ainsi transformer ces d\u00e9fis en cadeaux de la Vie, et retrouver la Lumi\u00e8re &amp; la Joie en moi.\u00a0<\/p><p>C&rsquo;est gr\u00e2ce \u00e0 ce cheminement personnel, qu&rsquo;il y a bient\u00f4t 8 ans, j&rsquo;ai os\u00e9 vivre l&rsquo;un de mes r\u00eaves&#8230;\u00e9couter mon c\u0153ur et ce qui m&rsquo;appelait\u2026et ainsi me former en tant qu&rsquo;Energ\u00e9ticienne pour partager, transmettre et\u00a0 pouvoir accompagner d&rsquo;autres \u00c2mes incarn\u00e9es sur le chemin de la Vie.\u00a0<\/p><p>Gr\u00e2ce \u00e0 divers outils comme la m\u00e9ditation de Pleine Conscience, les soins \u00e9nerg\u00e9tiques, le chant de Mantras, la loi d&rsquo;attraction, le Chemin de Vie, le tambour chamanique&#8230;les Stages, S\u00e9jours et Voyages \u00e0 l&rsquo;\u00e9tranger, j&rsquo;accompagne aujourd&rsquo;hui la gu\u00e9rison ET le changement (carri\u00e8re, s\u00e9paration, d\u00e9c\u00e8s, abandon, choix du c\u0153ur\u2026) dans vos vies, en lien avec l&rsquo;Intui&rsquo;Sion.<\/p><p>A venir, l&rsquo;article d&rsquo;une journaliste reprenant ma biographie et challenges de vie&#8230;interview bient\u00f4t en ligne \ud83d\ude42<\/p><p>\u00a0<\/p>\t\t\t\t\t\t<\/div>\n\t\t\t\t<\/div>\n\t\t\t\t\t<\/div>\n\t\t<\/div>\n\t\t\t\t\t<\/div>\n\t\t<\/section>\n\t\t\t\t<section class=\"elementor-section elementor-top-section elementor-element elementor-element-2f201f9 elementor-section-boxed elementor-section-height-default elementor-section-height-default wpr-particle-no wpr-jarallax-no wpr-parallax-no wpr-sticky-section-no wpr-equal-height-no\" data-id=\"2f201f9\" data-element_type=\"section\">\n\t\t\t\t\t\t<div class=\"elementor-container elementor-column-gap-default\">\n\t\t\t\t\t<div class=\"elementor-column elementor-col-100 elementor-top-column elementor-element elementor-element-504fa01\" data-id=\"504fa01\" data-element_type=\"column\">\n\t\t\t<div class=\"elementor-widget-wrap elementor-element-populated\">\n\t\t\t\t\t\t<section class=\"elementor-section elementor-inner-section elementor-element elementor-element-bf62bd3 elementor-section-boxed elementor-section-height-default elementor-section-height-default wpr-particle-no wpr-jarallax-no wpr-parallax-no wpr-sticky-section-no wpr-equal-height-no\" data-id=\"bf62bd3\" data-element_type=\"section\">\n\t\t\t\t\t\t<div class=\"elementor-container elementor-column-gap-default\">\n\t\t\t\t\t<div class=\"elementor-column elementor-col-50 elementor-inner-column elementor-element elementor-element-6f4219f\" data-id=\"6f4219f\" data-element_type=\"column\">\n\t\t\t<div class=\"elementor-widget-wrap elementor-element-populated\">\n\t\t\t\t\t\t<div class=\"elementor-element elementor-element-60dc7de elementor-invisible elementor-widget elementor-widget-image\" data-id=\"60dc7de\" data-element_type=\"widget\" data-settings=\"{&quot;_animation&quot;:&quot;fadeInLeft&quot;}\" data-widget_type=\"image.default\">\n\t\t\t\t<div class=\"elementor-widget-container\">\n\t\t\t<style>\/*! elementor - v3.20.0 - 10-04-2024 *\/\n.elementor-widget-image{text-align:center}.elementor-widget-image a{display:inline-block}.elementor-widget-image a img[src$=\".svg\"]{width:48px}.elementor-widget-image img{vertical-align:middle;display:inline-block}<\/style>\t\t\t\t\t\t\t\t\t\t<img fetchpriority=\"high\" decoding=\"async\" width=\"960\" height=\"640\" src=\"https:\/\/carolinesion.fr\/wp-content\/uploads\/2023\/01\/CAR_3602-Modifier-1024x683.jpg\" class=\"attachment-large size-large wp-image-1346\" alt=\"\" srcset=\"https:\/\/carolinesion.fr\/wp-content\/uploads\/2023\/01\/CAR_3602-Modifier-1024x683.jpg 1024w, https:\/\/carolinesion.fr\/wp-content\/uploads\/2023\/01\/CAR_3602-Modifier-300x200.jpg 300w, https:\/\/carolinesion.fr\/wp-content\/uploads\/2023\/01\/CAR_3602-Modifier-768x512.jpg 768w, https:\/\/carolinesion.fr\/wp-content\/uploads\/2023\/01\/CAR_3602-Modifier-1536x1024.jpg 1536w, https:\/\/carolinesion.fr\/wp-content\/uploads\/2023\/01\/CAR_3602-Modifier-2048x1365.jpg 2048w\" sizes=\"(max-width: 960px) 100vw, 960px\" \/>\t\t\t\t\t\t\t\t\t\t\t\t\t<\/div>\n\t\t\t\t<\/div>\n\t\t\t\t\t<\/div>\n\t\t<\/div>\n\t\t\t\t<div class=\"elementor-column elementor-col-50 elementor-inner-column elementor-element elementor-element-2320552\" data-id=\"2320552\" data-element_type=\"column\">\n\t\t\t<div class=\"elementor-widget-wrap\">\n\t\t\t\t\t\t\t<\/div>\n\t\t<\/div>\n\t\t\t\t\t<\/div>\n\t\t<\/section>\n\t\t\t\t<section class=\"elementor-section elementor-inner-section elementor-element elementor-element-e888d59 elementor-section-boxed elementor-section-height-default elementor-section-height-default wpr-particle-no wpr-jarallax-no wpr-parallax-no wpr-sticky-section-no wpr-equal-height-no\" data-id=\"e888d59\" data-element_type=\"section\">\n\t\t\t\t\t\t<div class=\"elementor-container elementor-column-gap-default\">\n\t\t\t\t\t<div class=\"elementor-column elementor-col-50 elementor-inner-column elementor-element elementor-element-767a893\" data-id=\"767a893\" data-element_type=\"column\">\n\t\t\t<div class=\"elementor-widget-wrap\">\n\t\t\t\t\t\t\t<\/div>\n\t\t<\/div>\n\t\t\t\t<div class=\"elementor-column elementor-col-50 elementor-inner-column elementor-element elementor-element-384ccb7\" data-id=\"384ccb7\" data-element_type=\"column\">\n\t\t\t<div class=\"elementor-widget-wrap elementor-element-populated\">\n\t\t\t\t\t\t<div class=\"elementor-element elementor-element-6525305 elementor-invisible elementor-widget elementor-widget-image\" data-id=\"6525305\" data-element_type=\"widget\" data-settings=\"{&quot;_animation&quot;:&quot;fadeInRight&quot;}\" data-widget_type=\"image.default\">\n\t\t\t\t<div class=\"elementor-widget-container\">\n\t\t\t\t\t\t\t\t\t\t\t\t\t<img decoding=\"async\" width=\"683\" height=\"1024\" src=\"https:\/\/carolinesion.fr\/wp-content\/uploads\/2023\/01\/CAR_3598-Modifier-683x1024.jpg\" class=\"attachment-large size-large wp-image-1344\" alt=\"\" srcset=\"https:\/\/carolinesion.fr\/wp-content\/uploads\/2023\/01\/CAR_3598-Modifier-683x1024.jpg 683w, https:\/\/carolinesion.fr\/wp-content\/uploads\/2023\/01\/CAR_3598-Modifier-200x300.jpg 200w, https:\/\/carolinesion.fr\/wp-content\/uploads\/2023\/01\/CAR_3598-Modifier-768x1152.jpg 768w, https:\/\/carolinesion.fr\/wp-content\/uploads\/2023\/01\/CAR_3598-Modifier-1024x1536.jpg 1024w, https:\/\/carolinesion.fr\/wp-content\/uploads\/2023\/01\/CAR_3598-Modifier-1365x2048.jpg 1365w, https:\/\/carolinesion.fr\/wp-content\/uploads\/2023\/01\/CAR_3598-Modifier.jpg 1651w\" sizes=\"(max-width: 683px) 100vw, 683px\" \/>\t\t\t\t\t\t\t\t\t\t\t\t\t<\/div>\n\t\t\t\t<\/div>\n\t\t\t\t\t<\/div>\n\t\t<\/div>\n\t\t\t\t\t<\/div>\n\t\t<\/section>\n\t\t\t\t<section class=\"elementor-section elementor-inner-section elementor-element elementor-element-91e091c elementor-section-boxed elementor-section-height-default elementor-section-height-default wpr-particle-no wpr-jarallax-no wpr-parallax-no wpr-sticky-section-no wpr-equal-height-no\" data-id=\"91e091c\" data-element_type=\"section\">\n\t\t\t\t\t\t<div class=\"elementor-container elementor-column-gap-default\">\n\t\t\t\t\t<div class=\"elementor-column elementor-col-50 elementor-inner-column elementor-element elementor-element-ee3ac99\" data-id=\"ee3ac99\" data-element_type=\"column\">\n\t\t\t<div class=\"elementor-widget-wrap elementor-element-populated\">\n\t\t\t\t\t\t<div class=\"elementor-element elementor-element-e55ff1f elementor-invisible elementor-widget elementor-widget-image\" data-id=\"e55ff1f\" data-element_type=\"widget\" data-settings=\"{&quot;_animation&quot;:&quot;fadeInLeft&quot;}\" data-widget_type=\"image.default\">\n\t\t\t\t<div class=\"elementor-widget-container\">\n\t\t\t\t\t\t\t\t\t\t\t\t\t<img decoding=\"async\" width=\"960\" height=\"640\" src=\"https:\/\/carolinesion.fr\/wp-content\/uploads\/2023\/01\/CAR_3651-Modifier-1024x683.jpg\" class=\"attachment-large size-large wp-image-1343\" alt=\"\" srcset=\"https:\/\/carolinesion.fr\/wp-content\/uploads\/2023\/01\/CAR_3651-Modifier-1024x683.jpg 1024w, https:\/\/carolinesion.fr\/wp-content\/uploads\/2023\/01\/CAR_3651-Modifier-300x200.jpg 300w, https:\/\/carolinesion.fr\/wp-content\/uploads\/2023\/01\/CAR_3651-Modifier-768x512.jpg 768w, https:\/\/carolinesion.fr\/wp-content\/uploads\/2023\/01\/CAR_3651-Modifier-1536x1024.jpg 1536w, https:\/\/carolinesion.fr\/wp-content\/uploads\/2023\/01\/CAR_3651-Modifier-2048x1365.jpg 2048w\" sizes=\"(max-width: 960px) 100vw, 960px\" \/>\t\t\t\t\t\t\t\t\t\t\t\t\t<\/div>\n\t\t\t\t<\/div>\n\t\t\t\t\t<\/div>\n\t\t<\/div>\n\t\t\t\t<div class=\"elementor-column elementor-col-50 elementor-inner-column elementor-element elementor-element-f9441aa\" data-id=\"f9441aa\" data-element_type=\"column\">\n\t\t\t<div class=\"elementor-widget-wrap\">\n\t\t\t\t\t\t\t<\/div>\n\t\t<\/div>\n\t\t\t\t\t<\/div>\n\t\t<\/section>\n\t\t\t\t\t<\/div>\n\t\t<\/div>\n\t\t\t\t\t<\/div>\n\t\t<\/section>\n\t\t\t\t<\/div>\n\t\t","protected":false},"excerpt":{"rendered":"<p>Mon Histoire A 46 ans, j&rsquo;ai exp\u00e9riment\u00e9 longtemps le brouillard, avant de vivre la r\u00e9silience et trouver le sens de ma Vie! Apr\u00e8s de nombreuses ann\u00e9es bien remplies de d\u00e9fis, il m&rsquo;a fallu aller au plus profond de moi pour gu\u00e9rir ces blessures, mettre de la conscience et ainsi transformer ces d\u00e9fis en cadeaux de la Vie, et retrouver la Lumi\u00e8re &amp; la Joie en moi.\u00a0 C&rsquo;est gr\u00e2ce \u00e0 ce cheminement personnel, qu&rsquo;il y a bient\u00f4t 8 ans, j&rsquo;ai os\u00e9 vivre l&rsquo;un de mes r\u00eaves&#8230;\u00e9couter mon c\u0153ur et ce qui m&rsquo;appelait\u2026et ainsi me former en tant qu&rsquo;Energ\u00e9ticienne pour partager, transmettre et\u00a0 pouvoir accompagner d&rsquo;autres \u00c2mes incarn\u00e9es sur le chemin de la Vie.\u00a0 Gr\u00e2ce \u00e0 divers outils comme la m\u00e9ditation de Pleine Conscience, les soins \u00e9nerg\u00e9tiques, le chant de Mantras, la loi d&rsquo;attraction, le Chemin de Vie, le tambour chamanique&#8230;les Stages, S\u00e9jours et Voyages \u00e0 l&rsquo;\u00e9tranger, j&rsquo;accompagne aujourd&rsquo;hui la gu\u00e9rison ET le changement (carri\u00e8re, s\u00e9paration, d\u00e9c\u00e8s, abandon, choix du c\u0153ur\u2026) dans vos vies, en lien avec l&rsquo;Intui&rsquo;Sion. A venir, l&rsquo;article d&rsquo;une journaliste reprenant ma biographie et challenges de vie&#8230;interview bient\u00f4t en ligne \ud83d\ude42 \u00a0<\/p>\n","protected":false},"author":2,"featured_media":0,"parent":0,"menu_order":0,"comment_status":"closed","ping_status":"closed","template":"elementor_canvas","meta":{"footnotes":""},"class_list":["post-968","page","type-page","status-publish","hentry"],"yoast_head":"<!-- This site is optimized with the Yoast SEO plugin v27.3 - https:\/\/yoast.com\/product\/yoast-seo-wordpress\/ -->\n<title>Biographie - Caroline Sion<\/title>\n<meta name=\"robots\" content=\"index, follow, max-snippet:-1, max-image-preview:large, max-video-preview:-1\" \/>\n<link rel=\"canonical\" href=\"https:\/\/carolinesion.fr\/index.php\/biographie\/\" \/>\n<meta property=\"og:locale\" content=\"fr_FR\" \/>\n<meta property=\"og:type\" content=\"article\" \/>\n<meta property=\"og:title\" content=\"Biographie - Caroline Sion\" \/>\n<meta property=\"og:description\" content=\"Mon Histoire A 46 ans, j&rsquo;ai exp\u00e9riment\u00e9 longtemps le brouillard, avant de vivre la r\u00e9silience et trouver le sens de ma Vie! Apr\u00e8s de nombreuses ann\u00e9es bien remplies de d\u00e9fis, il m&rsquo;a fallu aller au plus profond de moi pour gu\u00e9rir ces blessures, mettre de la conscience et ainsi transformer ces d\u00e9fis en cadeaux de la Vie, et retrouver la Lumi\u00e8re &amp; la Joie en moi.\u00a0 C&rsquo;est gr\u00e2ce \u00e0 ce cheminement personnel, qu&rsquo;il y a bient\u00f4t 8 ans, j&rsquo;ai os\u00e9 vivre l&rsquo;un de mes r\u00eaves&#8230;\u00e9couter mon c\u0153ur et ce qui m&rsquo;appelait\u2026et ainsi me former en tant qu&rsquo;Energ\u00e9ticienne pour partager, transmettre et\u00a0 pouvoir accompagner d&rsquo;autres \u00c2mes incarn\u00e9es sur le chemin de la Vie.\u00a0 Gr\u00e2ce \u00e0 divers outils comme la m\u00e9ditation de Pleine Conscience, les soins \u00e9nerg\u00e9tiques, le chant de Mantras, la loi d&rsquo;attraction, le Chemin de Vie, le tambour chamanique&#8230;les Stages, S\u00e9jours et Voyages \u00e0 l&rsquo;\u00e9tranger, j&rsquo;accompagne aujourd&rsquo;hui la gu\u00e9rison ET le changement (carri\u00e8re, s\u00e9paration, d\u00e9c\u00e8s, abandon, choix du c\u0153ur\u2026) dans vos vies, en lien avec l&rsquo;Intui&rsquo;Sion. A venir, l&rsquo;article d&rsquo;une journaliste reprenant ma biographie et challenges de vie&#8230;interview bient\u00f4t en ligne \ud83d\ude42 \u00a0\" \/>\n<meta property=\"og:url\" content=\"https:\/\/carolinesion.fr\/index.php\/biographie\/\" \/>\n<meta property=\"og:site_name\" content=\"Caroline Sion\" \/>\n<meta property=\"article:modified_time\" content=\"2024-09-23T08:24:29+00:00\" \/>\n<meta property=\"og:image\" content=\"http:\/\/carolinesion.fr\/wp-content\/uploads\/2023\/01\/CAR_3602-Modifier-1024x683.jpg\" \/>\n<meta name=\"twitter:card\" content=\"summary_large_image\" \/>\n<meta name=\"twitter:label1\" content=\"Dur\u00e9e de lecture estim\u00e9e\" \/>\n\t<meta name=\"twitter:data1\" content=\"2 minutes\" \/>\n<script type=\"application\/ld+json\" class=\"yoast-schema-graph\">{\"@context\":\"https:\\\/\\\/schema.org\",\"@graph\":[{\"@type\":\"WebPage\",\"@id\":\"https:\\\/\\\/carolinesion.fr\\\/index.php\\\/biographie\\\/\",\"url\":\"https:\\\/\\\/carolinesion.fr\\\/index.php\\\/biographie\\\/\",\"name\":\"Biographie - Caroline Sion\",\"isPartOf\":{\"@id\":\"https:\\\/\\\/carolinesion.fr\\\/#website\"},\"primaryImageOfPage\":{\"@id\":\"https:\\\/\\\/carolinesion.fr\\\/index.php\\\/biographie\\\/#primaryimage\"},\"image\":{\"@id\":\"https:\\\/\\\/carolinesion.fr\\\/index.php\\\/biographie\\\/#primaryimage\"},\"thumbnailUrl\":\"http:\\\/\\\/carolinesion.fr\\\/wp-content\\\/uploads\\\/2023\\\/01\\\/CAR_3602-Modifier-1024x683.jpg\",\"datePublished\":\"2022-12-12T09:05:46+00:00\",\"dateModified\":\"2024-09-23T08:24:29+00:00\",\"breadcrumb\":{\"@id\":\"https:\\\/\\\/carolinesion.fr\\\/index.php\\\/biographie\\\/#breadcrumb\"},\"inLanguage\":\"fr-FR\",\"potentialAction\":[{\"@type\":\"ReadAction\",\"target\":[\"https:\\\/\\\/carolinesion.fr\\\/index.php\\\/biographie\\\/\"]}]},{\"@type\":\"ImageObject\",\"inLanguage\":\"fr-FR\",\"@id\":\"https:\\\/\\\/carolinesion.fr\\\/index.php\\\/biographie\\\/#primaryimage\",\"url\":\"https:\\\/\\\/carolinesion.fr\\\/wp-content\\\/uploads\\\/2023\\\/01\\\/CAR_3602-Modifier.jpg\",\"contentUrl\":\"https:\\\/\\\/carolinesion.fr\\\/wp-content\\\/uploads\\\/2023\\\/01\\\/CAR_3602-Modifier.jpg\",\"width\":2294,\"height\":1529},{\"@type\":\"BreadcrumbList\",\"@id\":\"https:\\\/\\\/carolinesion.fr\\\/index.php\\\/biographie\\\/#breadcrumb\",\"itemListElement\":[{\"@type\":\"ListItem\",\"position\":1,\"name\":\"Accueil\",\"item\":\"https:\\\/\\\/carolinesion.fr\\\/\"},{\"@type\":\"ListItem\",\"position\":2,\"name\":\"Biographie\"}]},{\"@type\":\"WebSite\",\"@id\":\"https:\\\/\\\/carolinesion.fr\\\/#website\",\"url\":\"https:\\\/\\\/carolinesion.fr\\\/\",\"name\":\"Caroline Sion\",\"description\":\"Energ\u00e9ticienne dans la Dr\u00f4me ou \u00e0 distance\",\"potentialAction\":[{\"@type\":\"SearchAction\",\"target\":{\"@type\":\"EntryPoint\",\"urlTemplate\":\"https:\\\/\\\/carolinesion.fr\\\/?s={search_term_string}\"},\"query-input\":{\"@type\":\"PropertyValueSpecification\",\"valueRequired\":true,\"valueName\":\"search_term_string\"}}],\"inLanguage\":\"fr-FR\"}]}<\/script>\n<!-- \/ Yoast SEO plugin. -->","yoast_head_json":{"title":"Biographie - Caroline Sion","robots":{"index":"index","follow":"follow","max-snippet":"max-snippet:-1","max-image-preview":"max-image-preview:large","max-video-preview":"max-video-preview:-1"},"canonical":"https:\/\/carolinesion.fr\/index.php\/biographie\/","og_locale":"fr_FR","og_type":"article","og_title":"Biographie - Caroline Sion","og_description":"Mon Histoire A 46 ans, j&rsquo;ai exp\u00e9riment\u00e9 longtemps le brouillard, avant de vivre la r\u00e9silience et trouver le sens de ma Vie! Apr\u00e8s de nombreuses ann\u00e9es bien remplies de d\u00e9fis, il m&rsquo;a fallu aller au plus profond de moi pour gu\u00e9rir ces blessures, mettre de la conscience et ainsi transformer ces d\u00e9fis en cadeaux de la Vie, et retrouver la Lumi\u00e8re &amp; la Joie en moi.\u00a0 C&rsquo;est gr\u00e2ce \u00e0 ce cheminement personnel, qu&rsquo;il y a bient\u00f4t 8 ans, j&rsquo;ai os\u00e9 vivre l&rsquo;un de mes r\u00eaves&#8230;\u00e9couter mon c\u0153ur et ce qui m&rsquo;appelait\u2026et ainsi me former en tant qu&rsquo;Energ\u00e9ticienne pour partager, transmettre et\u00a0 pouvoir accompagner d&rsquo;autres \u00c2mes incarn\u00e9es sur le chemin de la Vie.\u00a0 Gr\u00e2ce \u00e0 divers outils comme la m\u00e9ditation de Pleine Conscience, les soins \u00e9nerg\u00e9tiques, le chant de Mantras, la loi d&rsquo;attraction, le Chemin de Vie, le tambour chamanique&#8230;les Stages, S\u00e9jours et Voyages \u00e0 l&rsquo;\u00e9tranger, j&rsquo;accompagne aujourd&rsquo;hui la gu\u00e9rison ET le changement (carri\u00e8re, s\u00e9paration, d\u00e9c\u00e8s, abandon, choix du c\u0153ur\u2026) dans vos vies, en lien avec l&rsquo;Intui&rsquo;Sion. A venir, l&rsquo;article d&rsquo;une journaliste reprenant ma biographie et challenges de vie&#8230;interview bient\u00f4t en ligne \ud83d\ude42 \u00a0","og_url":"https:\/\/carolinesion.fr\/index.php\/biographie\/","og_site_name":"Caroline Sion","article_modified_time":"2024-09-23T08:24:29+00:00","og_image":[{"url":"http:\/\/carolinesion.fr\/wp-content\/uploads\/2023\/01\/CAR_3602-Modifier-1024x683.jpg","type":"","width":"","height":""}],"twitter_card":"summary_large_image","twitter_misc":{"Dur\u00e9e de lecture estim\u00e9e":"2 minutes"},"schema":{"@context":"https:\/\/schema.org","@graph":[{"@type":"WebPage","@id":"https:\/\/carolinesion.fr\/index.php\/biographie\/","url":"https:\/\/carolinesion.fr\/index.php\/biographie\/","name":"Biographie - Caroline Sion","isPartOf":{"@id":"https:\/\/carolinesion.fr\/#website"},"primaryImageOfPage":{"@id":"https:\/\/carolinesion.fr\/index.php\/biographie\/#primaryimage"},"image":{"@id":"https:\/\/carolinesion.fr\/index.php\/biographie\/#primaryimage"},"thumbnailUrl":"http:\/\/carolinesion.fr\/wp-content\/uploads\/2023\/01\/CAR_3602-Modifier-1024x683.jpg","datePublished":"2022-12-12T09:05:46+00:00","dateModified":"2024-09-23T08:24:29+00:00","breadcrumb":{"@id":"https:\/\/carolinesion.fr\/index.php\/biographie\/#breadcrumb"},"inLanguage":"fr-FR","potentialAction":[{"@type":"ReadAction","target":["https:\/\/carolinesion.fr\/index.php\/biographie\/"]}]},{"@type":"ImageObject","inLanguage":"fr-FR","@id":"https:\/\/carolinesion.fr\/index.php\/biographie\/#primaryimage","url":"https:\/\/carolinesion.fr\/wp-content\/uploads\/2023\/01\/CAR_3602-Modifier.jpg","contentUrl":"https:\/\/carolinesion.fr\/wp-content\/uploads\/2023\/01\/CAR_3602-Modifier.jpg","width":2294,"height":1529},{"@type":"BreadcrumbList","@id":"https:\/\/carolinesion.fr\/index.php\/biographie\/#breadcrumb","itemListElement":[{"@type":"ListItem","position":1,"name":"Accueil","item":"https:\/\/carolinesion.fr\/"},{"@type":"ListItem","position":2,"name":"Biographie"}]},{"@type":"WebSite","@id":"https:\/\/carolinesion.fr\/#website","url":"https:\/\/carolinesion.fr\/","name":"Caroline Sion","description":"Energ\u00e9ticienne dans la Dr\u00f4me ou \u00e0 distance","potentialAction":[{"@type":"SearchAction","target":{"@type":"EntryPoint","urlTemplate":"https:\/\/carolinesion.fr\/?s={search_term_string}"},"query-input":{"@type":"PropertyValueSpecification","valueRequired":true,"valueName":"search_term_string"}}],"inLanguage":"fr-FR"}]}},"_links":{"self":[{"href":"https:\/\/carolinesion.fr\/index.php\/wp-json\/wp\/v2\/pages\/968","targetHints":{"allow":["GET"]}}],"collection":[{"href":"https:\/\/carolinesion.fr\/index.php\/wp-json\/wp\/v2\/pages"}],"about":[{"href":"https:\/\/carolinesion.fr\/index.php\/wp-json\/wp\/v2\/types\/page"}],"author":[{"embeddable":true,"href":"https:\/\/carolinesion.fr\/index.php\/wp-json\/wp\/v2\/users\/2"}],"replies":[{"embeddable":true,"href":"https:\/\/carolinesion.fr\/index.php\/wp-json\/wp\/v2\/comments?post=968"}],"version-history":[{"count":40,"href":"https:\/\/carolinesion.fr\/index.php\/wp-json\/wp\/v2\/pages\/968\/revisions"}],"predecessor-version":[{"id":3208,"href":"https:\/\/carolinesion.fr\/index.php\/wp-json\/wp\/v2\/pages\/968\/revisions\/3208"}],"wp:attachment":[{"href":"https:\/\/carolinesion.fr\/index.php\/wp-json\/wp\/v2\/media?parent=968"}],"curies":[{"name":"wp","href":"https:\/\/api.w.org\/{rel}","templated":true}]}}